 3*i - 0*q, 4*q + 8 = 0. Suppose -33 + 156 = i*t. What is the remainder when t is divided by 11?
8
Let s = 62 + -33. Calculate the remainder when s is divided by 6.
5
Suppose -7*g + 304 = -137. Let b = 31 - 15. Calculate the remainder when g is divided by b.
15
Let b(z) = -z + 1. Let c be b(1). Suppose c*m + 75 = 5*m + 4*s, 0 = 5*s. Calculate the remainder when 58 is divided by m.
13
Calculate the remainder when 128/6 + (-5)/(-30)*4 is divided by 5.
2
Suppose -5*i - 2*d = -i - 10, 5 = 3*i + d. Suppose 0 = -5*r - i*r + 50. Let h = 53 + -25. Calculate the remainder when h is divided by r.
8
Calculate the remainder when 36 is divided by 5/(3 + (-11)/4).
16
Let m be -1*1 - (5 - 10). Let x = 1 - m. Calculate the remainder when 43*(x - -2 - -2) is divided by 15.
13
Let a = 0 - -3. Suppose 8*y = a*y + 80. Suppose d = -0*d - c + 29, 0 = 3*d + 4*c - 86. Calculate the remainder when d is divided by y.
14
Let z = -44 - -50. Calculate the remainder when 46 is divided by z.
4
Suppose 44 = 7*v - 3*v + 2*z, 2*z = 2*v - 10. What is the remainder when 35 is divided by v?
8
Suppose o = 5*w - 110, -5*o = -0*w - w + 46. What is the remainder when 185 is divided by w?
17
Let j(v) = -v**3 - 2*v**2 - 5. What is the remainder when 78 is divided by j(-4)?
24
Calculate the remainder when (-4)/8 + 67/2 is divided by 12.
9
Let x(m) = 8*m + 19. Let n(p) be the second derivative of p**3/2 + 3*p**2 - p. Let k(u) = 7*n(u) - 2*x(u). Calculate the remainder when k(3) is divided by 7.
5
Calculate the remainder when (-5)/(-10) + (-47)/(-2) is divided by 7.
3
Let x(t) = 3*t**2 - t. Let j be 50/(-18) + 20/(-90). Calculate the remainder when x(j) is divided by 8.
6
Suppose -30*w + 336 = -23*w. What is the remainder when 93 is divided by w?
45
Let n = -1 + 3. Let o(r) = -r + r - 2*r + n + 3. What is the remainder when 36 is divided by o(-7)?
17
Let u = 61 - -10. Let r = -152 - -170. Calculate the remainder when u is divided by r.
17
Let f(i) = i**2 - 3*i + 5. Let s = -33 - -47. What is the remainder when s is divided by f(4)?
5
Let h = -97 + 167. Calculate the remainder when h is divided by 12.
10
Suppose s + 3*s - 172 = 0. Let j(g) = g**2 - g + 15. Suppose -x = x. What is the remainder when s is divided by j(x)?
13
Suppose 2 = x - 0. Calculate the remainder when 8 is divided by x.
0
Let k be 4*3*(-9)/4. Let d(u) = u**2 - 9*u + 3. Let o be d(4). Let x = o - k. Calculate the remainder when x is divided by 6.
4
Suppose 4 = -3*q + 13. What is the remainder when 10 is divided by q?
1
Let x be (-3 - -3)/(1 + -2). Suppose x = c + 1 - 2. Calculate the remainder when c - (-1)/((-2)/(-20)) is divided by 4.
3
Let n(g) be the first derivative of g**3/3 - g**2/2 - 1. Let l be n(0). Suppose l = 3*x, -5*x - 28 = -5*y + 37. What is the remainder when 38 is divided by y?
12
Suppose b + 5 = 2*q - 3, 2*b = -q + 4. Suppose b*f + 45 = 3*f. Let w = f - 2. Calculate the remainder when 36 is divided by w.
10
Suppose h + 2*h = 24. Let u = 16 - 7. Suppose -4*i - a = -93, 4*i - 4*a - u = 79. What is the remainder when i is divided by h?
7
Suppose 3*f + 2*f + 3*h = 18, -17 = -5*f - 2*h. Suppose -3*v + 18 = -f*k, -v + 2*k + 2*k - 3 = 0. Calculate the remainder when 144/27*(6 - 3) is divided by v.
7
Calculate the remainder when 4 + -7 + (-102)/(-4 - -3) is divided by 17.
14
Suppose -k + 31 + 34 = 0. What is the remainder when k is divided by 17?
14
Calculate the remainder when (-1)/(3/(-99)) - 2 is divided by 3 + -2 - (-11 - -1).
9
Suppose 0 = -5*y + 4*y + 5. Let a(q) = 2*q**2 + q + 3. What is the remainder when a(2) is divided by y?
3
Let l(d) = -2*d + 10. Let x(o) = 8*o - 26. Calculate the remainder when l(-7) is divided by x(5).
10
Let j = 1 + 0. What is the remainder when 28 is divided by (j/(-2))/(10/(-100))?
3
Let d be -3*1*(-70)/(-21). Calculate the remainder when 63 is divided by ((-44)/d)/(6/30).
19
Suppose -4*l = -0*l - 60. What is the remainder when l is divided by 6?
3
Let d = 107 + -66. Let b(f) = -f**3 - 4*f**2 - f + 3. Let v be b(-4). What is the remainder when d is divided by 96/v + 4/14?
13
Let a(v) = v + 15. Suppose -2*s + 39 = -5*s. Let y be a(s). Suppose -y*n - 5*g - 19 = 0, -g - 1 + 2 = 2*n. What is the remainder when 10 is divided by n?
1
Let q = 78 - 72. Calculate the remainder when 34 is divided by q.
4
Suppose -4*j = -5*h - 304, 3*j - 191 = -3*h + 37. Suppose 4*r - j = -32. What is the remainder when r is divided by 4?
3
Let m be 366/8 - (-6)/24. Suppose -2*o = -0*o - m. What is the remainder when 45 is divided by o?
22
Suppose 17 + 5 = -2*p. Calculate the remainder when 97 is divided by (50/2)/(p - -12).
22
Let k = -4 + 6. Suppose -2*m + k = -86. Suppose 0 = -4*g + 92 + m. Calculate the remainder when g is divided by 12.
10
Let j(a) = -a**2 + 9*a + 2. Let g = 23 - 16. Calculate the remainder when 31 is divided by j(g).
15
Let f(l) = 22*l**3 + l**2 - l + 1. What is the remainder when f(1) is divided by 5?
3
Suppose 4*q - 183 = -y, -5*y - 8 - 22 = -q. What is the remainder when 88 is divided by q?
43
Calculate the remainder when 5/2*174/15 is divided by 8.
5
Suppose 0 = 4*b + 46 - 2. Let p = b + 25. What is the remainder when 54 is divided by p?
12
Suppose 3*j - 4 = 32. Suppose 0 = 3*m + 3*z - 75, -3*m - z + 40 = -29. Calculate the remainder when m is divided by j.
10
Let i = -44 - -76. Calculate the remainder when i is divided by 12.
8
Let a be 2/(2 + (-15)/6). Let i = 7 + a. Suppose 40 = -i*m + 7*m. What is the remainder when 29 is divided by m?
9
Let q = 3 + 14. Let h(u) = u + 8. Let x be h(-6). Suppose -g + 2 = x*c + g, g = 5*c - 35. What is the remainder when q is divided by c?
5
Let v = -52 - -97. What is the remainder when 175 is divided by v?
40
Let f(o) = o**2 + 8*o + 33. Suppose 0 = 5*q - 5, -t + 86 = t + 4*q. Calculate the remainder when t is divided by f(-6).
20
Let v(l) = l**2 - 8*l + 3. Let k be v(-6). Let x = -62 + k. What is the remainder when x is divided by 13?
12
Let g(h) = h**2 - 7*h - 24. Calculate the remainder when g(11) is divided by 11.
9
Suppose -35*k = -38*k + 21. What is the remainder when 76 is divided by k?
6
Let i(l) = -l**2 + 8*l - 5. Let t be (-3)/(-12) + (-351)/12. Let n = 41 + t. What is the remainder when n is divided by i(6)?
5
Let h(w) = -w + 5. Let x be h(7). What is the remainder when 53 is divided by 171/12 + x/8?
11
Suppose -2*v - 16 = -4*v. Let u(t) = t**2 - 4*t - 6. Calculate the remainder when u(v) is divided by 15.
11
Let f = 147 + -139. Suppose 8 = -4*c, 5*o - 16 = c + 1. Calculate the remainder when (1/(-2))/(o/(-78)) is divided by f.
5
Let o = 51 + -21. What is the remainder when 327 is divided by o?
27
Let v = -540 - -552. What is the remainder when 44 + 1 + (-1 - -1) is divided by v?
9
Let p(j) = 28*j**3 - 2*j**2 - j. Let q be p(-1). Let z = -21 - q. What is the remainder when 29 is divided by z?
5
Suppose 5*x + 25 = -4*f, -3*x - 15 = 4*f - 0*f. Let k(o) = -2*o**3 - 8*o**2 - 4*o - 4. Calculate the remainder when k(x) is divided by 23.
20
Suppose -4*l - 29 + 149 = 0. What is the remainder when l is divided by 5?
0
Let m be -1*1*(3 - 5). Suppose 5*f - 145 = -5*g, 0*f = 3*f - m*g - 87. What is the remainder when f is divided by 16?
13
Suppose 4*c = 3*c + 35. Suppose 0 = -3*t + n + 61 - 8, -t + 5*n + 13 = 0. What is the remainder when c is divided by t?
17
Let p be 0 - (4 + -2 + 0). What is the remainder when p/4 - (-45)/2 is divided by 12?
10
Suppose 6*n = 3*n. Suppose r = -n*r + 10. Suppose 5*p = p + 116. What is the remainder when p is divided by r?
9
Suppose 2*x = 21 + 17. Suppose i - x + 7 = 0. Calculate the remainder when i is divided by 5.
2
Let z be -10 - (1 - (3 + -2)). Let x = -1 - z. What is the remainder when 26 is divided by x?
8
Let k = 124 + -73. Let f = 87 - k. Let u = -15 + f. What is the remainder when u is divided by 11?
10
Suppose 6*f - 4*f + 3*k = 27, -2*f + 15 = -k. Let g = 6 - 1. What is the remainder when f is divided by g?
4
Let g(n) = n + 20. What is the remainder when 24 is divided by g(-6)?
10
Suppose -1 = -2*i - 7. Let s be (0 - -8)*i/(-2). Let a = s + -2. What is the remainder when a is divided by 6?
4
Calculate the remainder when (-3)/(-2)*(-118)/(-3) is divided by 31.
28
Suppose -2*z - 3*z = -5. Let s = z + -1. Suppose 3*y + i - 39 = -3*i, s = y + 3*i - 18. What is the remainder when y is divided by 5?
4
